n divisor of 55 and 73153256?
11
Calculate the highest common factor of 13753731 and 208437.
3111
Calculate the highest common divisor of 1671098 and 4394.
26
Calculate the greatest common divisor of 6507677 and 502.
251
What is the highest common factor of 76577 and 157350?
1049
What is the greatest common factor of 320581 and 1741918?
2837
What is the highest common divisor of 4542722 and 5254?
142
Calculate the highest common divisor of 3157889 and 54397.
2863
Calculate the highest common divisor of 1111 and 78254396.
1111
What is the highest common factor of 21556054 and 52?
26
Calculate the highest common divisor of 1732173 and 2157.
3
What is the highest common factor of 601 and 4706?
1
Calculate the highest common divisor of 4575389 and 7.
7
Calculate the highest common divisor of 653 and 4380.
1
Calculate the highest common divisor of 4320 and 10618020.
540
Calculate the greatest common factor of 28 and 815185672.
28
What is the highest common factor of 1204 and 14225708?
28
Calculate the greatest common factor of 219906 and 92454.
114
Calculate the greatest common factor of 339835925 and 60775.
3575
Calculate the highest common factor of 848480 and 47584.
32
What is the greatest common divisor of 143468 and 9920?
124
Calculate the greatest common factor of 517190359 and 287.
287
Calculate the greatest common divisor of 73600022 and 118.
118
Calculate the highest common divisor of 465 and 19026240.
15
Calculate the highest common divisor of 89604 and 17613.
171
What is the greatest common divisor of 4336309 and 697?
17
Calculate the highest common factor of 452617 and 2849.
11
What is the greatest common divisor of 14903 and 237200406?
2129
Calculate the greatest common factor of 4524 and 390804.
348
What is the highest common factor of 1725177 and 67728?
51
Calculate the highest common factor of 239031 and 336960.
1053
Calculate the highest common factor of 768 and 36570048.
192
What is the highest common factor of 24399236 and 42948?
4772
Calculate the greatest common factor of 6915 and 113680295.
2305
What is the highest common factor of 1179818 and 1578?
526
Calculate the highest common factor of 21182 and 2953643.
623
Calculate the highest common divisor of 640 and 20.
20
Calculate the greatest common factor of 1838016 and 660.
12
What is the greatest common factor of 30375673 and 3741?
1247
Calculate the greatest common divisor of 135 and 8422770.
15
What is the greatest common divisor of 313750 and 750625?
625
Calculate the greatest common factor of 15656 and 63058454.
3914
Calculate the highest common divisor of 75 and 175792065.
15
Calculate the highest common factor of 693418 and 140008.
946
What is the greatest common factor of 416 and 45222944?
416
What is the greatest common divisor of 2023368 and 632?
8
Calculate the greatest common divisor of 759906 and 790542.
666
Calculate the greatest common divisor of 545823526 and 11185.
2237
What is the greatest common factor of 3708 and 412704108?
3708
What is the greatest common factor of 1931032 and 136?
8
Calculate the greatest common divisor of 46647254 and 1313.
101
Calculate the highest common factor of 172401284 and 1564.
1564
What is the highest common factor of 20369398 and 460?
46
Calculate the highest common divisor of 2261976 and 5808.
24
What is the highest common factor of 281499 and 1236?
309
Calculate the greatest common factor of 2662 and 3989854.
242
What is the greatest common factor of 1878 and 12354736?
626
What is the highest common divisor of 319123857 and 91?
13
What is the greatest common divisor of 536 and 3576527?
67
Calculate the greatest common factor of 1678 and 152086.
2
Calculate the greatest common divisor of 77010 and 121210.
170
What is the highest common factor of 132052888 and 38?
38
What is the greatest common divisor of 10284800 and 8640?
320
Calculate the greatest common factor of 228152 and 191970.
158
What is the highest common divisor of 24995 and 74470103?
4999
What is the greatest common factor of 9408 and 668672?
64
What is the greatest common divisor of 10 and 1647785?
5
What is the highest common divisor of 11192116 and 544960?
6812
Calculate the highest common divisor of 256 and 24289184.
32
What is the highest common divisor of 340 and 89976104?
68
Calculate the highest common factor of 7812326 and 86.
86
What is the highest common factor of 112 and 68762752?
16
Calculate the greatest common factor of 3424246 and 28.
14
What is the greatest common factor of 71482 and 11575758?
206
Calculate the greatest common divisor of 13989618 and 18117.
1647
What is the highest common factor of 421164 and 8622?
18
Calculate the highest common factor of 16932 and 838891707.
4233
What is the greatest common factor of 12585 and 69459132?
2517
What is the greatest common divisor of 150694025 and 75?
25
Calculate the greatest common divisor of 55 and 18076267.
11
What is the highest common factor of 78364 and 1588708?
44
What is the greatest common divisor of 634802 and 22582?
14
Calculate the highest common divisor of 38134 and 615947.
829
Calculate the greatest common divisor of 329 and 1550689.
7
Calculate the greatest common factor of 2325076 and 770796.
3172
What is the greatest common factor of 13300 and 43793575?
3325
What is the highest common divisor of 2160161597 and 33?
11
Calculate the greatest common factor of 498872435 and 295.
295
What is the greatest common divisor of 12 and 90939864?
12
What is the highest common factor of 2283390879 and 6031?
6031
Calculate the highest common factor of 171930 and 791670.
330
What is the greatest common factor of 8772377 and 1244?
311
What is the greatest common divisor of 456 and 186446240?
152
Calculate the highest common divisor of 26 and 285755249.
13
What is the greatest common divisor of 51500678 and 19?
19
What is the highest common divisor of 341 and 25265845?
11
What is the highest common factor of 12176 and 77424?
16
Calculate the greatest common factor of 16376 and 5799151.
2047
Calculate the greatest common divisor of 254310 and 22260.
210
Calculate the highest common divisor of 824220 and 82365.
285
What is the highest common divisor of 913 and 941345911?
913
Calculate the greatest common factor of 21084487 and 481.
37
Calculate the highest common divisor of 61480922 and 3486.
166
What is the greatest common factor of 167777280 and 27?
9
Calculate the greatest common factor of 16 and 36921608.
8
Calculate the highest common divisor of 3964979 and 92891.
4889
What is the highest common factor of 2630263 and 411?
137
Calculate the greatest common divisor of 408 and 1055139.
51
What is the greatest common factor of 821110 and 471?
157
What is the greatest common divisor of 9180 and 83470?
170
Calculate the highest common factor of 119209692 and 14.
14
What is the highest common factor of 2382 and 1952523018?
2382
Calculate the highest common factor of 1437240 and 1827.
609
What is the greatest common divisor of 760 and 577312?
8
What is the greatest common factor of 9804 and 94947612?
516
What is the greatest common factor of 32439 and 752978?
983
Calculate the highest common factor of 202837 and 140323.
23
Calculate the highest common divisor of 58950 and 1290.
30
What is the greatest common factor of 1720 and 82891960?
1720
What is the highest common divisor of 917592 and 53703?
663
Calculate the highest common factor of 252 and 18569124.
252
Calculate the greatest common factor of 5448 and 118592518.
454
Calculate the greatest common divisor of 3589 and 890257.
37
Calculate the highest common divisor of 429 and 5235087.
429
What is the greatest common factor of 4 and 94572544?
4
What is the greatest common factor of 70342682 and 142?
142
Calculate the highest common factor of 4381564 and 11.
11
What is the greatest common divisor of 165 and 3547731?
33
What is the greatest common factor of 537711 and 6?
3
What is the greatest common factor of 26570530 and 70?
70
Calculate the greatest common divisor of 26505 and 2500956.
279
What is the highest common factor of 240 and 17673936?
48
What is the greatest common divisor of 390 and 919945?
65
What is the highest common divisor of 173 and 102723421?
173
What is the highest common factor of 7814734 and 731?
43
Calculate the greatest comm